 -s = p - 25. Suppose 7*b - p*b = -15. What is the remainder when 7 is divided by b?
2
Let m = 236 - 231. Suppose -m*n + 0*v - v = -35, 5*n + 2*v = 35. What is the remainder when (-40)/3*(-3)/2 is divided by n?
6
Let z be 4/22 + 780/429. Suppose -3*f - z*l + 28 = -l, 4*f - l = 28. What is the remainder when 60 is divided by f?
4
Suppose 2*u = 3*o - 650 - 538, -3*o = u - 1197. Let b(t) = 20*t**2 - 1642*t - 1642. Calculate the remainder when o is divided by b(-1).
18
Let g be (-10329)/(-15) + 24/60. Suppose 0*p = -4*o - p + g, -4*p - 12 = 0. What is the remainder when o is divided by 23?
12
Let z(m) = m**3 - 87*m**2 - 91*m + 276. Suppose 2*s = -85 + 381. Let w = s - 91. Calculate the remainder when w is divided by z(88).
9
Let d = -4368 - -4366. Let b(w) = w**2 - 6*w + 1. Let u be b(5). Calculate the remainder when ((-2)/u)/(47/(-24) - d) is divided by 4.
0
Suppose 0 = 2*v - 12, -19*v + 21*v + 4773 = 5*j. Calculate the remainder when 1920 is divided by j.
6
Let q = 0 - -5. Let b be (-81)/(-87) - 20/(-290). Calculate the remainder when b + 9 + (-20)/q is divided by 4.
2
Calculate the remainder when 612 is divided by (0 - -35)/((-540)/(-648)).
24
Let h(u) = -u**3 + 8*u**2 + 10*u + 45. What is the remainder when h(9) is divided by 35?
19
Let h = -5435 + 8643. Calculate the remainder when h is divided by 17.
12
Suppose 2*y + 2*g - 4298 = 0, 2*y - 27*g = -26*g + 4313. What is the remainder when y is divided by 44?
42
Let a = -152 - -241. Calculate the remainder when 457 is divided by a.
12
Suppose -2*i - 6 = 0, i = -0*f - 5*f + 2. What is the remainder when 221 is divided by (-2 + f)*((-4)/1 + -52)?
53
Suppose 3*j = 2*j - 2*s + 19, -4*j + 4*s = -136. Suppose 3*k - 37 = j. Let q = 0 - -6. What is the remainder when k is divided by q?
4
Let y = -141 - -99. Let z(i) = -8*i + 2. What is the remainder when z(-7) is divided by 1/(-3)*(y + 5 + -8)?
13
Let c be ((-170)/(-24) - 2/6)/(831/1108). Let a(r) = -10*r**2 + 15 - r**3 + 0*r + 10*r + 2*r**3. Calculate the remainder when 140 is divided by a(c).
20
Suppose 0 = m + 3*o - 12, -48 = -4*m + 4*o. Let s(a) = -9*a**3 + 2*a**2 + 5. Let l be s(4). What is the remainder when -6*(3 - l/(-42)) is divided by m?
11
Suppose -5*z + 25*x + 155 = 30*x, -z + 34 = -2*x. Calculate the remainder when 250 is divided by z.
26
Calculate the remainder when 333 is divided by (7 + ((-1536)/8)/(-8))*1.
23
Let l(w) = 4*w**2 + 52*w + 456. Calculate the remainder when 1569 is divided by l(-9).
9
Let c(y) = y**3 + 56*y**2 + 805*y + 37658. Let q be (-6)/(-4)*14/1. Suppose 6*h - q = 3*h. What is the remainder when c(-54) is divided by h?
6
Let k(c) = c**3 - 5*c**2 + 9*c - 8. Let r = -52 - -41. Let f = 39 + r. What is the remainder when k(6) is divided by f?
26
Suppose 0 = 2*j, 2*p + 4*j - 2*j = 28. Suppose 4*l - 10*c + 5*c = 213, -l = 3*c - 32. Calculate the remainder when l is divided by p.
5
Suppose 4*h + h = -30. Let d(a) = 3*a**2 - 4. Let f be d(-1). What is the remainder when h*f/5*(-20)/(-3) is divided by 5?
3
Suppose -2*n - 25*c = -30*c - 19, -3*n - 5*c + 16 = 0. Let i = -56 + 97. Calculate the remainder when i is divided by n.
6
Suppose 61*n - 62*n = o - 117, -3*o + 363 = -n. What is the remainder when 280 is divided by o?
40
Suppose -4*q - 20*p + 400 = -16*p, 2*p - 509 = -5*q. Let x(d) = -d**3 + d**2 + d + 26. Calculate the remainder when q is divided by x(0).
25
Let g(i) = i**2 - 9*i + 22. Let h be g(4). Suppose h*y - 18 = 4*c + 44, -5*c = 5*y - 125. Calculate the remainder when y is divided by 6.
3
Suppose -8604 = -9073*w + 9055*w. What is the remainder when 1447 is divided by w?
13
Suppose 21*w - 368 = -2*w. Let l(t) = -t**2 + 4*t - 6. Let d be l(7). Let n = d - -51. Calculate the remainder when n is divided by w.
8
Let k = -2239 + 3238. Suppose 209*d + k = 218*d. What is the remainder when d is divided by 50?
11
Let u(z) = -z**3 + 23*z**2 - 21*z - 24. Let b be u(22). Calculate the remainder when 33 is divided by 32/128*16/b + 12.
3
Let z(l) = -182*l - 939. Calculate the remainder when z(-15) is divided by 138.
135
What is the remainder when 56043/63 - (82/(-126) - 66/(-297)) is divided by 37?
2
Suppose 0*p - 68 = -17*p. Let z(d) = -43*d - 5. Let v be z(-2). Suppose -v = -5*q + 14. Calculate the remainder when q is divided by p.
3
Let g(m) be the second derivative of m**3/6 + 24*m**2 + 56*m. Calculate the remainder when 103 is divided by g(-20).
19
Calculate the remainder when 1658 is divided by ((-575)/10)/((-100)/120).
2
Let q = 141 + -136. Let j = 63 - q. What is the remainder when j is divided by 20?
18
Suppose 52 + 2711 = 9*l. What is the remainder when l is divided by 285?
22
Let z = -10550 - -10785. Calculate the remainder when 637 is divided by z.
167
Let m = 3805 + -3683. What is the remainder when 398 is divided by m?
32
Let g = -884 + 892. What is the remainder when 141 is divided by g?
5
Let t = -33 + 27. Let i(x) = 2*x**3 + 11*x**2 - 11*x - 14. Let a(m) = m**2 + 6*m - 98. Calculate the remainder when a(10) is divided by i(t).
14
Let g be (3 - (2 + -3)) + 2 + 1. Suppose 0 = -5*f - 4*r + 76, -g*f = -11*f - r + 63. Calculate the remainder when 125 is divided by f.
13
Let c(l) = l**2 + 7*l + 7. Let s be c(-11). Let b = -58 + s. Calculate the remainder when ((-1)/(-3))/(b/(-777)) is divided by 23.
14
Let f(d) = 31*d**2 - 12*d + 1. Suppose -5*o + 977 = -208. What is the remainder when o is divided by f(1)?
17
Suppose -7*v + 11 = 4. Suppose -2*n + 31 = m, v = -n + m + 15. What is the remainder when n is divided by 7?
1
Suppose 5*s = -4*r - 173, 102 = -2*r + s + 19. Let u = 92 + r. Suppose u + 58 = 6*p. What is the remainder when 34 is divided by p?
16
Let k be 3 - (7/4)/(12/(-96)). Let h = 17 - k. Suppose -2*q - 5*s + 85 = h, -2*s - 220 = -5*q - 7*s. What is the remainder when q is divided by 16?
13
Suppose 67*f = 63*f + 20, -4*b - 4*f = -592. Let y(a) = -a**3 - 6*a**2 + 2*a - 5. What is the remainder when b is divided by y(-7)?
23
Let s be 1*(-387)/(-6) - (-9)/(-6). Suppose -4*h + 2*g + 54 = 0, -s = -4*h - 2*g - 5. Suppose -3*u = -4*u + h. Calculate the remainder when 80 is divided by u.
10
Let i(c) = -5*c**2 + 3*c - 3. Let p be i(1). Let m be ((-1)/((-10)/224))/(p/(-25)). Suppose -4*k = -8*k + m. What is the remainder when k is divided by 12?
4
Calculate the remainder when (-231952)/(-560) - 4/(-5) is divided by 92.
47
Suppose 126*g + 75 = 129*g. What is the remainder when 599 is divided by g?
24
Suppose 13*k = 2092 + 7489. Let c = k - 726. What is the remainder when 153 is divided by c?
10
Calculate the remainder when 200 is divided by (48 + -48)*1/6 + 51.
47
Suppose 1 = 3*p + x - 10, -3*x = 2*p - 5. Calculate the remainder when 45 is divided by 57/12*p + 4.
22
Let o = 13 + 19. Let n = 151 + -143. Calculate the remainder when n/10*(-5 - 970/(-4)) is divided by o.
30
Suppose 14 = 4*z - 5*p, -5*z - p - 2 = -5. Let n(s) = s**2 - 4*s + 6. Calculate the remainder when (322/14)/(z/3) is divided by n(6).
15
Let r(c) = c**2 - c - 32. Let g be r(7). Suppose 0 = 3*q - 5 - g. What is the remainder when q is divided by 1?
0
Suppose 2*r = o + 6, -2*o = 3*r + o - 27. Suppose -14 = -d + r. Suppose -58 = -2*i - 5*a + 2*a, -5*a = 20. What is the remainder when i is divided by d?
16
Let a be (-1 - (-1 - 0))/2. Suppose 4*j - 5*h - 41 = 0, a = -j + 4*h + 10 + 3. Let i(p) = p**2 + 4*p + 6. Calculate the remainder when i(5) is divided by j.
6
Suppose 0 = -3*s + 5*x + 171, -s + 2*x + 0*x = -56. Suppose -2*w = -14, 2*k + 107 = -3*w + 160. Calculate the remainder when s is divided by k.
14
Let a = 15022 - 13958. What is the remainder when 3217 is divided by a?
25
Suppose -3*t + 0*j + 12 = -2*j, -1 = 4*t + 3*j. Let p(g) = -2*g + 3. Let z be p(t). Let b = 13 - z. What is the remainder when 40 is divided by b?
12
Let g = 157 - -75. Let i = g - 223. What is the remainder when 28 is divided by i?
1
Let t(k) = -4*k + 12 - k**2 + 2*k**2 + 2*k**2. Let m(d) = 3*d + 17. Let y be m(-4). What is the remainder when t(y) is divided by 23?
21
Let o = -44 + 275. Suppose 5*l = -5*w + 425, 2*w + o = 3*l - 3*w. What is the remainder when l is divided by 44?
38
Let n be -3 + 3 - 154/2. Calculate the remainder when 545 is divided by (-888)/(-21) - (-22)/n.
41
Calculate the remainder when 857 is divided by (2 + 3)*(-3 - -6)*468/65.
101
Suppose 8*q - 10*q + 2*